te the remainder when c is divided by k/33*(3 + 0).
0
Let p(a) = a**3 + 19*a**2 - 18*a - 14. Let d be p(-20). Let j = -30 - d. What is the remainder when j is divided by 14?
10
Let z be (-2)/(-3 + -1) - (-642)/4. Suppose 10*h + z = 781. Calculate the remainder when h is divided by 11.
7
Suppose 4*t = 4*y - 3*y - 14, 3*t - 113 = -4*y. What is the remainder when y is divided by ((-42)/15)/((-15)/(-25) - 1)?
5
Let f = -36 + 37. Let u = f + 53. What is the remainder when u is divided by 15?
9
Let z be (7/(-14))/(1/(-6)). Let m(f) = -z*f + 2*f + 2*f + 1 + 2. Calculate the remainder when 13 is divided by m(5).
5
Let u(z) = z**2 + 43*z - 403. What is the remainder when 38 is divided by u(8)?
3
Let b(g) = 5*g. Suppose y + 1 = -6. Let j(a) = a + 9. Let s be j(y). Calculate the remainder when 37 is divided by b(s).
7
Suppose 2119*a = 2112*a + 301. Calculate the remainder when a is divided by 3.
1
Let k = 17 + -7. Suppose -5*v + 2*l = 11, -5 - 1 = 3*l. Let b = v + 40. What is the remainder when b is divided by k?
7
Let c = -113 + 110. Let w(h) = -69*h - 1. What is the remainder when w(-1) is divided by 56/(-36)*3*c?
12
Suppose 4 = 4*m + 3*p - 12, -5*m + 1 = -p. Calculate the remainder when 20 is divided by ((-95)/15 - m)*6/(-4).
9
Suppose 24*t = 107*t - 4150. Calculate the remainder when 97 is divided by t.
47
Suppose 0 = 4*s - 565*b + 562*b - 288, 0 = -3*s - 2*b + 233. Calculate the remainder when 1423 is divided by s.
73
Suppose 25*c + 8*c - 4059 = 0. What is the remainder when c is divided by 7?
4
Let y(w) = w**2 - 14*w - 3. Let a(f) = f**3 + 9*f**2 + 6*f. Let h be a(-8). What is the remainder when 113 is divided by y(h)?
26
Let f(p) = p**2 - 12*p - 19. Let w = 31 + -17. Let l be f(w). Calculate the remainder when (2 + 1 - 1) + l is divided by 6.
5
Suppose 90*o = 17*o - 75*o + 2516. Suppose 0 = -3*y - 2*v + 26, -3*v - 8 + 2 = 0. Calculate the remainder when o is divided by y.
7
Let a = 1397 + -1390. Calculate the remainder when 47 is divided by a.
5
Let g = -8 + 20. Suppose 2*p + 8 = 2*k - 164, 0 = -2*p - 8. What is the remainder when k is divided by g?
10
Let s be ((-4)/(-6))/((-4)/(-78)). Let r = s - -10. Calculate the remainder when r is divided by 13.
10
Suppose j - 23 = -v - 2*j, 5*j - 57 = -4*v. What is the remainder when (-4 + 2)*145/(-10) is divided by v?
5
Suppose 16 = -4*g - q + 5*q, -2*q = 2*g + 12. Let y be g/(-5) - (-2 + 1). Let a = 5 - y. What is the remainder when 9 is divided by a?
0
Let v be (-4)/(-10) + (-4)/10. Suppose -4*a = -v*a - 12. Suppose 4*r = a*r + 29. Calculate the remainder when 114 is divided by r.
27
Let h = -42 + 28. Let z = -10 - h. Let i = -82 - -84. What is the remainder when z is divided by i?
0
Calculate the remainder when 802 is divided by (-4)/(-8)*(-1)/(8/(-1840)).
112
Let a = 4 + -1. Suppose -5*q + 8*q - m - 48 = 0, 2*m = a*q - 51. Let f = 35 + 8. Calculate the remainder when f is divided by q.
13
Suppose -4*w = 5*q - 44, 4*q = 5*w - 20 + 6. Calculate the remainder when 201 is divided by w.
3
Let m = 58 + -34. Let p = 26 + -15. Calculate the remainder when m is divided by p.
2
Let z(h) = 165*h + 361. Let n(l) = -l**3 - l + 91. What is the remainder when n(0) is divided by z(-2)?
29
Let w(k) = k**3 - 14*k**2 + 15*k - 9. Let j = -36 + 171. What is the remainder when j is divided by w(13)?
16
Let h be 1*-1 + 8 + 1. Suppose -4*l + 4*x - 20 = 0, 0 = -4*x + h + 8. Let f(d) = 20*d**2 - 2*d - 1. Calculate the remainder when 58 is divided by f(l).
16
Let w = 25 + 5. Calculate the remainder when 67 is divided by w.
7
Let d(a) = -2 + 45*a - 4*a**2 + a**2 + 5 - a**2. Calculate the remainder when d(10) is divided by -2 + (-4*8)/(-2).
11
Let a = 1870 + -1695. What is the remainder when a is divided by 23?
14
Let k = -37 - -64. Suppose 6 = -d + 4. Let y(n) = -n**3 - n**2 - 2*n - 1. What is the remainder when k is divided by y(d)?
6
Let x(b) = -b**2 + 5*b + 8. Let k be x(6). Calculate the remainder when (-545)/(-20) + (-1)/4 is divided by (-2 + k)/(-4) - -15.
12
Suppose 3*b + 33 = 24. What is the remainder when 9/(b + 6) + 36 is divided by 0 + (2 - 1 - -9)?
9
Let w(d) = d**3 - 17*d**2 + 29*d - 4. What is the remainder when w(16) is divided by 61?
21
Suppose -11*v + 5*u = -13*v + 19, 4*v + 2*u = 46. What is the remainder when 29 is divided by v?
5
Let u = -16 + 16. Suppose u = -h + 13 - 4. Calculate the remainder when h is divided by 3.
0
Suppose 4 = -2*p - 56. Let a = 66 + p. What is the remainder when a is divided by 19?
17
Suppose 5*z + 245 = 45. Calculate the remainder when (26/(-4))/(5/z) + 1 is divided by 18.
17
Suppose -5*l = -3*l - 18. Let z(q) = -2*q - 11. Calculate the remainder when 102/l*(-9)/(-6) is divided by z(-8).
2
Suppose j - 12 = -2*j. Suppose 0 = 5*f - 10, -j = -2*m + f + 14. Calculate the remainder when 28 is divided by m.
8
Suppose 5171 = 27*z + 905. What is the remainder when z is divided by 60?
38
What is the remainder when 89/2 - (0 + 3/(-2)) is divided by 35?
11
Suppose -2*n - 74 = -c - 5*n, -2*c + 4*n = -168. Calculate the remainder when c is divided by 17.
12
Let b(x) = x**3 - x**2 - 18*x - 5. Let g = -161 - -166. Calculate the remainder when 12 is divided by b(g).
2
Suppose 0*j + 3*j = 12. Let d(y) = 3*y**2 - 6*y + 2. What is the remainder when d(j) is divided by ((-10)/(-6))/((-205)/(-1722))?
12
Let n(k) = k**3 - 12*k**2 + 5*k + 6. Let z(l) = l - 6. Calculate the remainder when n(12) is divided by z(24).
12
Suppose -4*r + 6*c + 731 = 3*c, -5*r + 3*c = -910. What is the remainder when r is divided by 61?
57
Let c(b) = b**3 - 43*b**2 - 86*b - 48. What is the remainder when c(45) is divided by 68?
64
Suppose -90 = -103*v + 98*v. Suppose 28 = 4*k - 4*a, -2*k + v = -0*k + 2*a. Calculate the remainder when 71 is divided by k.
7
Let u = -95 - -84. Let c(v) = 3*v + 71. Calculate the remainder when 72 is divided by c(u).
34
Let i(k) = k. Calculate the remainder when 101 is divided by i(40).
21
Let w(v) = v**2 + v + 5. What is the remainder when w(5) is divided by 9?
8
Let w = 15 - 19. Let j be (162/(-8))/((-1)/w). Let t = j - -113. What is the remainder when t is divided by 12?
8
What is the remainder when 38 is divided by 705/55 + 3 + (-6)/(-33)?
6
Suppose 30*k + 248 = 578. Calculate the remainder when 85 is divided by k.
8
Suppose 0 = -4*d + 83 + 41. Calculate the remainder when 83 is divided by d.
21
Let z = -30 - -61. Let j(k) = k**3 - 6*k**2 + k - 6. Let w be j(6). Suppose -5*c + w*c = -40. What is the remainder when z is divided by c?
7
Let x(s) be the first derivative of -s**4/4 + 3*s**3 - 4*s**2 + 3*s - 13. Calculate the remainder when x(6) is divided by 11.
8
Let p(u) = -31*u - 8. What is the remainder when 159 is divided by p(-1)?
21
Let z(x) = 9*x - 2. Let h = -5 - -6. Let v be z(h). Calculate the remainder when -1 + 7/(v/36) is divided by 9.
8
Suppose 4*r = -3*h + 11, 3*h = -5*r + 12 + 4. Suppose 5*z - 88 = -k - 3, 0 = 4*k + 20. Suppose 0 = -u - 0*u + z. Calculate the remainder when u is divided by r.
3
Let p = 56 - 34. Calculate the remainder when -195*(5 + 16/(-3)) is divided by p.
21
Suppose 3*l + 12 = 42. Suppose -2*m = l, -n - 5*m = -2*n + 44. What is the remainder when 35 is divided by n?
16
Suppose 15 = -5*c, -2*j - 2*j + 3*c + 101 = 0. Suppose 3*m + l = 272, -m + 2*l + 94 = -l. Calculate the remainder when m is divided by j.
22
Suppose 2807 = 7*u + 2478. What is the remainder when 97 is divided by u?
3
Let l be (51/(-68))/((-1)/4). Suppose -l*s = 15, -2*j - 5*s - 1 = 2. What is the remainder when 117 is divided by j?
7
Let h = 20 - 3. Let o = 8291 + -8258. Calculate the remainder when o is divided by h.
16
Calculate the remainder when 16 is divided by (1/(-3))/(5/(-90)).
4
Let j = -1103 + 1176. What is the remainder when j is divided by 24?
1
Let j = 0 + -2. Let f(n) = -n**3 + 4*n**2 - n - 2. What is the remainder when f(3) is divided by j*((-2)/4 + 0)?
0
Let l = -51 + 47. Calculate the remainder when l/(-14)*-1 + 876/28 is divided by 11.
9
Suppose q - 13*h + 8*h + 8 = 0, -4*q = -4*h - 48. Suppose 3*v - 181 = -4*p, 0 = -v + 4*v - 9. Let t = 5 + p. What is the remainder when t is divided by q?
14
Let d be 0 + (12/9)/((-6)/(-72)). Suppose -d*m = -49 - 255. Calculate the remainder when m is divided by 12.
7
Let u(s) be the third derivative of -25*s**4/24 + 7*s**3 - 14*s**2. What is the